*p**2 - 11*p + 24. Give t(3).
18
Let j(l) = l**3 - 120*l**2 + 120*l + 238. Determine j(119).
357
Let o(k) = -2*k**2 - 43*k - 112. Determine o(-18).
14
Let n(a) = -3*a**3 + 55*a**2 + 15*a + 435. Give n(19).
-2
Let x(w) = -w**3 - 10*w**2 + 25*w + 151. What is x(-6)?
-143
Let u(n) = 64*n**2 - 10*n + 6. What is u(1)?
60
Let i(t) = -38*t**2 + 888*t - 311. Give i(23).
11
Let g(s) = -90*s + 1923. Give g(21).
33
Let n(k) = -20*k**2 + 765*k - 156. Calculate n(38).
34
Let v(o) = 141*o**2 + 4*o - 6. What is v(1)?
139
Let y(a) = -6*a - 119. Determine y(-8).
-71
Let v(x) = -4*x**2 - 29*x + 15. Determine v(-10).
-95
Let o(b) = -578*b - 6977. Determine o(-12).
-41
Let w(s) = -7*s**2 - 1268*s + 1083. What is w(-182)?
-9
Let g(i) = -i**3 + 33*i**2 - 289*i + 258. Give g(17).
-31
Let z(u) = -u**2 - 210*u - 1216. Calculate z(-6).
8
Let r(t) = 6*t**2 + 228*t + 48. Calculate r(-38).
48
Let a(t) = -18*t**2 + 12*t - 15. Calculate a(2).
-63
Let o(z) = -802*z + 335. Calculate o(1).
-467
Let q(y) = y**2 + 98*y + 291. What is q(-3)?
6
Let y(n) = -2500*n + 7495. Determine y(3).
-5
Let a(g) = -4*g**3 + 109*g**2 - 32*g - 18. Determine a(27).
-153
Let u(o) = 7*o**2 + 408*o - 221. Determine u(-59).
74
Let n(l) = l**2 - 20*l + 81. Determine n(15).
6
Let l(b) = 9*b**3 + 22*b**2 + 49*b + 88. What is l(-2)?
6
Let g(t) = -t**2 + 172*t - 3337. What is g(21)?
-166
Let y(c) = -c**3 + 16*c**2 - 7*c - 54. Calculate y(4).
110
Let j(q) = -557*q - 2749. Give j(-5).
36
Let x(g) = g**2 - 33*g - 1044. Determine x(-19).
-56
Let c(h) = -h - 161. What is c(0)?
-161
Let z(d) = 14*d + 591. Give z(-40).
31
Let w(t) = -t**3 - 11*t**2 + 7*t - 15. Give w(-11).
-92
Let l(j) = j**2 - 27*j - 531. Determine l(42).
99
Let x(a) = -a**2 + 124*a - 3032. Calculate x(34).
28
Let j(c) = -c**3 + 17*c**2 - 78*c + 52. What is j(9)?
-2
Let y(n) = n**3 + 12*n**2 + 40*n + 194. What is y(-10)?
-6
Let u(r) = -r**3 - 96*r**2 + 196*r - 3. Calculate u(-98).
-3
Let a(d) = 2*d**3 - 43*d**2 - 68*d + 56. Calculate a(23).
79
Let t(a) = -2*a**3 + a**2 + 2*a - 9. Calculate t(3).
-48
Let k(u) = -100*u + 1204. What is k(12)?
4
Let w(d) = 909*d + 3670. Calculate w(-4).
34
Let q(c) = -382*c + 67223. Calculate q(176).
-9
Let x(b) = -b**3 + 14*b**2 - 77*b + 476. Determine x(11).
-8
Let t(d) = 85*d + 250. Calculate t(-3).
-5
Let k(c) = -74*c**2 + 226*c - 7. Determine k(3).
5
Let r(o) = 102*o + 389. Give r(-4).
-19
Let h(k) = 4529*k - 36237. Calculate h(8).
-5
Let w(p) = -287*p - 1150. What is w(-4)?
-2
Let r(z) = -121*z - 4175. Determine r(-34).
-61
Let q(k) = -2*k**2 + 59*k - 21. What is q(23)?
278
Let g(s) = -s**3 - 14*s**2 - 36*s + 25. Calculate g(-10).
-15
Let x(c) = c**3 + 16*c**2 + 51*c - 1. What is x(-8)?
103
Let z(k) = -2*k**3 - 14*k**2 - 10*k - 14. Determine z(0).
-14
Let y(a) = 44*a**2 - 17*a - 61. What is y(-1)?
0
Let t(x) = -x**3 + 17*x**2 + 71*x - 623. Calculate t(19).
4
Let s(v) = 1248*v + 16221. What is s(-13)?
-3
Let a(x) = 7*x + 130. Give a(-13).
39
Let z(k) = -65*k - 65. Determine z(-7).
390
Let p(w) = -w**3 + 20*w**2 + 50*w - 70. Give p(22).
62
Let u(l) = 15*l**2 - 1131*l - 690. What is u(76)?
-6
Let k(s) = 8*s**2 - 268*s + 10. Determine k(33).
-122
Let i(d) = 22*d + 589. Give i(-35).
-181
Let z(f) = -f**3 + 11*f**2 + 21*f - 191. What is z(11)?
40
Let o(i) = 5*i**2 - 213*i + 921. What is o(38)?
47
Let h(b) = -89*b - 1231. Determine h(-13).
-74
Let r(k) = k**3 - 18*k**2 - 10*k - 7. Give r(19).
164
Let x(h) = 56*h - 2802. Give x(50).
-2
Let r(o) = -16*o - 91. Give r(3).
-139
Let r(p) = 7*p - 63. Determine r(8).
-7
Let l(s) = s**3 - 9*s**2 - 10*s - 8. Determine l(10).
-8
Let a(l) = -579*l + 51. Calculate a(0).
51
Let s(k) = k**2 - 238*k + 13608. Determine s(95).
23
Let v(f) = 126*f - 1783. Determine v(14).
-19
Let m(f) = -3*f**2 + 554*f + 1315. Calculate m(187).
6
Let j(d) = 1269*d + 2515. Calculate j(-2).
-23
Let c(l) = 807*l - 9680. What is c(12)?
4
Let f(l) = -2*l**3 + 8*l**2 + 12. Determine f(6).
-132
Let x(f) = f**2 + 85*f + 1224. Calculate x(-18).
18
Let y(z) = 36*z - 992. Give y(19).
-308
Let a(u) = 34*u + 891. Give a(-26).
7
Let j(i) = 20*i - 126. Give j(6).
-6
Let n(q) = -5*q**2 - 280*q - 3523. Determine n(-19).
-8
Let y(i) = i**2 + 2*i - 99. Give y(11).
44
Let y(o) = -o**3 - 12*o**2 - 32*o - 120. Calculate y(-10).
0
Let c(u) = 3*u**2 + 14*u - 390. What is c(-13)?
-65
Let d(f) = 208*f + 2087. Give d(-10).
7
Let h(g) = -2*g**2 + 76*g - 424. What is h(31)?
10
Let t(v) = 82*v - 297. Give t(2).
-133
Let s(g) = -117*g - 4. What is s(-1)?
113
Let z(n) = -n**2 - 63*n - 479. Give z(-54).
7
Let g(x) = 116*x - 906. What is g(8)?
22
Let a(v) = -v**2 - 30*v - 113. Calculate a(-28).
-57
Let j(i) = 19*i + 210. Determine j(13).
457
Let x(y) = 16*y**2 + 214*y + 83. What is x(-13)?
5
Let m(b) = -2*b**3 - 386*b**2 - 13. Give m(-193).
-13
Let n(a) = a**2 - 306*a - 1872. Determine n(-6).
0
Let s(t) = -23*t + 332. Determine s(10).
102
Let p(j) = 10*j**2 + 34*j + 3. Determine p(-5).
83
Let j(l) = -2*l**3 - 132*l**2 + 132*l - 97. Determine j(-67).
37
Let y(g) = -141*g**2 - 2. What is y(1)?
-143
Let h(a) = -703*a + 25316. What is h(36)?
8
Let g(o) = -53*o + 5062. What is g(96)?
-26
Let m(f) = 14*f**2 - 142*f - 1021. What is m(15)?
-1
Let y(s) = -s**3 - 53*s**2 - 282*s - 5. Determine y(-47).
-5
Let q(d) = -d**2 - 20*d + 663. What is q(-24)?
567
Let h(d) = 226*d + 1259. Calculate h(-6).
-97
Let r(m) = 13*m + 396. What is r(-18)?
162
Let q(i) = i**3 - i**2 - 4*i + 15. Calculate q(-3).
-9
Let z(p) = -16*p + 148. What is z(4)?
84
Let n(k) = k**3 + 42*k**2 + 9*k + 339. Determine n(-42).
-39
Let b(h) = -h**2 + 64*h - 244. Give b(60).
-4
Let a(c) = -2*c**3 + 6*c**2 - 30*c - 40. Determine a(-1).
-2
Let y(v) = 3*v**2 + 45*v + 45. What is y(-8)?
-123
Let r(a) = 124*a + 9675. Calculate r(-79).
-121
Let v(p) = -108*p**2 - 34*p + 1. What is v(-1)?
-73
Let c(n) = -9*n**2 + 14*n + 31. Determine c(-3).
-92
Let h(k) = 852*k + 92862. Calculate h(-109).
-6
Let w(h) = -5*h**2 + 148*h + 222. What is w(31)?
5
Let i(o) = -4734*o + 4731. Give i(1).
-3
Let q(z) = -z**2 - 49*z + 57. What is q(-33)?
585
Let i(k) = -k**2 - 69*k + 3359. Give i(33).
-7
Let r(z) = z**2 - 42*z + 231. Determine r(6).
15
Let b(z) = z**3 + 95*z**2 - 615*z - 928. Calculate b(-101).
-19
Let y(i) = -70*i - 4875. Give y(-71).
95
Let j(a) = 1403*a + 22448. What is j(-16)?
0
Let y(o) = -15*o**2 + 173*o - 219. Give y(10).
11
Let k(x) = 2*x**3 + 142*x**2 - 929*x - 18. Determine k(6).
-48
Let x(b) = 55*b - 2259. Determine x(41).
-4
Let f(n) = 59*n + 1066. What is f(-18)?
4
Let v(p) = -p**3 - 13*p**2 + 14*p + 24. Give v(-14).
24
Let f(s) = 971*s + 968. What is f(-1)?
-3
Let z(j) = -109*j + 250. Give z(4).
-186
Let k(j) = 2*j**2 - 31*j - 23. Give k(13).
-88
Let x(v) = -2*v**2 - 19*v + 32. What is x(-12)?
-28
Let y(l) = 2*l**2 + 74*l - 439. Calculate y(-42).
-19
Let s(b) = 71*b + 485. What is s(-7)?
-12
Let z(q) = 166*q - 1163. Give z(7).
-1
Let t(z) = -z**3 + 70*z**2 - 781*z - 44. What is t(14)?
-2
Let s(c) = c**3 + 21*c**2 + 122*c + 2553. Calculate s(-21).
-9
Let d(p) = -1792*p + 73478. Give d(41).
6
Let k(z) = -30*z**2 - 364*z - 52. Give k(-12).
-4
Let a(u) = -13*u - 118. Determine a(-12).
38
Let a(h) = -h**3 + 16*h**2 - 63*h - 7. What is a(7)?
-7
Let d(q) = q**2 + 360*q + 2101. Give d(-6).
-23
Let o(a) = 289*a - 113. Calculate o(1).
176
Let j(v) = -2*v**2 + 3*v + 49. Give j(5).
14
Let s(b) = -b**3 + 50*b**2 - 224*b - 12. Give s(5).
-7
Let h(a) = -a**3 - 6*a**2 + 68*a + 361. What is h(-9)?
-8
Let y(n) = -76*n + 1822. Give y(24).
-2
Let x(w) = -69*w - 12280. Give x(-178).
2
Let r(y) = -7*y**3 + 3*y**2 + 19*y + 18. Give r(-1).
9
Let t(i) = 4*i - 31. Determine t(13).
21
Let h(t) = 587*t + 5877. What is h(-10)?
7
Let r(q) = -q - 34. What is r(-40)?
6
Let c(g) = 34*g**2 - 375*g + 15. What is c(11)?
4
Let o(c) = -2*c**3 - 77*c**2 + 125*c + 198. Determine o(-40).
-2
Let v(h) = -31*h + 634. Give v(20).
14
Let l(z) = -z**2 + 33*z - 205. Calculate l(31).
-143
Let m(i) = i**2 - 61*i + 762. Give m(18).
-12
Let g(o) = -83*o - 2391. What is g(-29)?
16
Let i(h) = 170*h + 11. Calculate i(-1).
-159
Let a(y) = -1989*y + 3983. Calculate a(2).
5
Let l(j) = -2*j**3 + 5*j**2 - 4*j. Calculate l(2).
-4
Let z(i) = -138*i + 691. Calculate z(5).
1
Let s(v) = 42*v**2 - 147*v - 308. Give s(-2).
154
Let b(p) = p**3 + 9*